{"id":2501,"date":"2020-05-02T23:55:15","date_gmt":"2020-05-02T21:55:15","guid":{"rendered":"http:\/\/x-runners.de\/?page_id=2501"},"modified":"2020-05-03T01:19:32","modified_gmt":"2020-05-02T23:19:32","slug":"hagen-voigt","status":"publish","type":"page","link":"https:\/\/x-runners.de\/?page_id=2501","title":{"rendered":"Hagen Voigt"},"content":{"rendered":"\n<div class=\"wp-block-columns is-layout-flex wp-container-core-columns-is-layout-9d6595d7 wp-block-columns-is-layout-flex\">\n<div class=\"wp-block-column is-layout-flow wp-block-column-is-layout-flow\" style=\"flex-basis:66.66%\"><\/div>\n\n\n\n<div class=\"wp-block-column is-layout-flow wp-block-column-is-layout-flow\" style=\"flex-basis:33.33%\"><\/div>\n<\/div>\n\n\n\n<div class=\"wp-block-columns is-layout-flex wp-container-core-columns-is-layout-9d6595d7 wp-block-columns-is-layout-flex\">\n<div class=\"wp-block-column is-layout-flow wp-block-column-is-layout-flow\">\n<p><strong>Jahrgang:<\/strong> 1994<br><strong>Beruf: <\/strong>Assistenzarzt Orthop\u00e4die und Unfallchirurgie<\/p>\n\n\n\n<p><\/p>\n\n\n\n<p><strong>Wieso X-Runner?<\/strong><\/p>\n\n\n\n<p>Der Name verr\u00e4t es, die Leidenschaft zu Sport, Wettstreit, Gemeinschaft und Bier liegt wohl in der Familie, sodass ich stolz mit zu den Gr\u00fcndungsmitgliedern z\u00e4hle.<\/p>\n\n\n\n<p><strong>Wieso Triathlon?<\/strong><br><br>Begeisterung f\u00fcr Sport gab es schon immer. Ob Leichtathletik, Basketball, Mountainbike, Rettungsschwimmen, Tanzen, Rugby und vieles mehr&#8230;<\/p>\n<\/div>\n\n\n\n<div class=\"wp-block-column is-layout-flow wp-block-column-is-layout-flow\">\n<figure class=\"wp-block-image size-large is-resized\"><img loading=\"lazy\" decoding=\"async\" src=\"https:\/\/x-runners.de\/wp-content\/uploads\/2020\/05\/Unbenannt-21-e1588461413237.jpg\" alt=\"\" class=\"wp-image-2560\" width=\"234\" height=\"312\" srcset=\"https:\/\/x-runners.de\/wp-content\/uploads\/2020\/05\/Unbenannt-21-e1588461413237.jpg 568w, https:\/\/x-runners.de\/wp-content\/uploads\/2020\/05\/Unbenannt-21-e1588461413237-226x300.jpg 226w, https:\/\/x-runners.de\/wp-content\/uploads\/2020\/05\/Unbenannt-21-e1588461413237-250x332.jpg 250w\" sizes=\"auto, (max-width: 234px) 100vw, 234px\" \/><\/figure>\n<\/div>\n<\/div>\n\n\n\n<p>W\u00e4hrend des Studiums in Halle verlie\u00df ich schweren Herzens das Rugbyfeld, die Ausfallzeiten durch Br\u00fcche und andere Verletzungen waren mir einfach zu lang. Beim Lauftreff lernte ich Antonia kennen, vielleicht wollte ich sie beeindrucken oder einfach noch mehr Zeit mit ihr verbringen. Triathlon war die L\u00f6sung, der Ehrgeiz packte mich nat\u00fcrlich und ein neuer Abschnitt in meine \u201eSportkarriere\u201c war geboren.<\/p>\n","protected":false},"excerpt":{"rendered":"<p>Jahrgang: 1994Beruf: Assistenzarzt Orthop\u00e4die und Unfallchirurgie Wieso X-Runner? Der Name verr\u00e4t es, die Leidenschaft zu Sport, Wettstreit, Gemeinschaft und Bier liegt wohl in der Familie, sodass ich stolz mit zu den Gr\u00fcndungsmitgliedern z\u00e4hle. Wieso Triathlon? Begeisterung f\u00fcr Sport gab es schon immer. Ob Leichtathletik, Basketball, Mountainbike, Rettungsschwimmen, Tanzen, Rugby und vieles mehr&#8230; W\u00e4hrend des Studiums <a class=\"more-link\" href=\"https:\/\/x-runners.de\/?page_id=2501\">Read More &#8230;<\/a><\/p>\n","protected":false},"author":1,"featured_media":0,"parent":0,"menu_order":0,"comment_status":"closed","ping_status":"closed","template":"","meta":{"footnotes":""},"class_list":["post-2501","page","type-page","status-publish","hentry"],"yoast_head":"<!-- This site is optimized with the Yoast SEO plugin v27.4 - https:\/\/yoast.com\/product\/yoast-seo-wordpress\/ -->\n<title>Hagen Voigt - X-Runners<\/title>\n<meta name=\"robots\" content=\"index, follow, max-snippet:-1, max-image-preview:large, max-video-preview:-1\" \/>\n<link rel=\"canonical\" href=\"https:\/\/x-runners.de\/?page_id=2501\" \/>\n<meta property=\"og:locale\" content=\"de_DE\" \/>\n<meta property=\"og:type\" content=\"article\" \/>\n<meta property=\"og:title\" content=\"Hagen Voigt - X-Runners\" \/>\n<meta property=\"og:description\" content=\"Jahrgang: 1994Beruf: Assistenzarzt Orthop\u00e4die und Unfallchirurgie Wieso X-Runner? Der Name verr\u00e4t es, die Leidenschaft zu Sport, Wettstreit, Gemeinschaft und Bier liegt wohl in der Familie, sodass ich stolz mit zu den Gr\u00fcndungsmitgliedern z\u00e4hle. Wieso Triathlon? Begeisterung f\u00fcr Sport gab es schon immer. Ob Leichtathletik, Basketball, Mountainbike, Rettungsschwimmen, Tanzen, Rugby und vieles mehr&#8230; W\u00e4hrend des Studiums Read More ...\" \/>\n<meta property=\"og:url\" content=\"https:\/\/x-runners.de\/?page_id=2501\" \/>\n<meta property=\"og:site_name\" content=\"X-Runners\" \/>\n<meta property=\"article:modified_time\" content=\"2020-05-02T23:19:32+00:00\" \/>\n<meta property=\"og:image\" content=\"http:\/\/x-runners.de\/wp-content\/uploads\/2020\/05\/Unbenannt-21-e1588461413237.jpg\" \/>\n<meta name=\"twitter:card\" content=\"summary_large_image\" \/>\n<meta name=\"twitter:label1\" content=\"Gesch\u00e4tzte Lesezeit\" \/>\n\t<meta name=\"twitter:data1\" content=\"1\u00a0Minute\" \/>\n<script type=\"application\/ld+json\" class=\"yoast-schema-graph\">{\"@context\":\"https:\\\/\\\/schema.org\",\"@graph\":[{\"@type\":\"WebPage\",\"@id\":\"https:\\\/\\\/x-runners.de\\\/?page_id=2501\",\"url\":\"https:\\\/\\\/x-runners.de\\\/?page_id=2501\",\"name\":\"Hagen Voigt - X-Runners\",\"isPartOf\":{\"@id\":\"https:\\\/\\\/x-runners.de\\\/#website\"},\"primaryImageOfPage\":{\"@id\":\"https:\\\/\\\/x-runners.de\\\/?page_id=2501#primaryimage\"},\"image\":{\"@id\":\"https:\\\/\\\/x-runners.de\\\/?page_id=2501#primaryimage\"},\"thumbnailUrl\":\"http:\\\/\\\/x-runners.de\\\/wp-content\\\/uploads\\\/2020\\\/05\\\/Unbenannt-21-e1588461413237.jpg\",\"datePublished\":\"2020-05-02T21:55:15+00:00\",\"dateModified\":\"2020-05-02T23:19:32+00:00\",\"breadcrumb\":{\"@id\":\"https:\\\/\\\/x-runners.de\\\/?page_id=2501#breadcrumb\"},\"inLanguage\":\"de\",\"potentialAction\":[{\"@type\":\"ReadAction\",\"target\":[\"https:\\\/\\\/x-runners.de\\\/?page_id=2501\"]}]},{\"@type\":\"ImageObject\",\"inLanguage\":\"de\",\"@id\":\"https:\\\/\\\/x-runners.de\\\/?page_id=2501#primaryimage\",\"url\":\"https:\\\/\\\/x-runners.de\\\/wp-content\\\/uploads\\\/2020\\\/05\\\/Unbenannt-21-e1588461413237.jpg\",\"contentUrl\":\"https:\\\/\\\/x-runners.de\\\/wp-content\\\/uploads\\\/2020\\\/05\\\/Unbenannt-21-e1588461413237.jpg\",\"width\":568,\"height\":754},{\"@type\":\"BreadcrumbList\",\"@id\":\"https:\\\/\\\/x-runners.de\\\/?page_id=2501#breadcrumb\",\"itemListElement\":[{\"@type\":\"ListItem\",\"position\":1,\"name\":\"Startseite\",\"item\":\"https:\\\/\\\/x-runners.de\\\/\"},{\"@type\":\"ListItem\",\"position\":2,\"name\":\"Hagen Voigt\"}]},{\"@type\":\"WebSite\",\"@id\":\"https:\\\/\\\/x-runners.de\\\/#website\",\"url\":\"https:\\\/\\\/x-runners.de\\\/\",\"name\":\"X-Runners\",\"description\":\"Das Staffelteam aus Jena\",\"publisher\":{\"@id\":\"https:\\\/\\\/x-runners.de\\\/#organization\"},\"potentialAction\":[{\"@type\":\"SearchAction\",\"target\":{\"@type\":\"EntryPoint\",\"urlTemplate\":\"https:\\\/\\\/x-runners.de\\\/?s={search_term_string}\"},\"query-input\":{\"@type\":\"PropertyValueSpecification\",\"valueRequired\":true,\"valueName\":\"search_term_string\"}}],\"inLanguage\":\"de\"},{\"@type\":\"Organization\",\"@id\":\"https:\\\/\\\/x-runners.de\\\/#organization\",\"name\":\"X-Runners\",\"url\":\"https:\\\/\\\/x-runners.de\\\/\",\"logo\":{\"@type\":\"ImageObject\",\"inLanguage\":\"de\",\"@id\":\"https:\\\/\\\/x-runners.de\\\/#\\\/schema\\\/logo\\\/image\\\/\",\"url\":\"https:\\\/\\\/x-runners.de\\\/wp-content\\\/uploads\\\/2015\\\/04\\\/XRLOGOHP2.png\",\"contentUrl\":\"https:\\\/\\\/x-runners.de\\\/wp-content\\\/uploads\\\/2015\\\/04\\\/XRLOGOHP2.png\",\"width\":198,\"height\":55,\"caption\":\"X-Runners\"},\"image\":{\"@id\":\"https:\\\/\\\/x-runners.de\\\/#\\\/schema\\\/logo\\\/image\\\/\"}}]}<\/script>\n<!-- \/ Yoast SEO plugin. -->","yoast_head_json":{"title":"Hagen Voigt - X-Runners","robots":{"index":"index","follow":"follow","max-snippet":"max-snippet:-1","max-image-preview":"max-image-preview:large","max-video-preview":"max-video-preview:-1"},"canonical":"https:\/\/x-runners.de\/?page_id=2501","og_locale":"de_DE","og_type":"article","og_title":"Hagen Voigt - X-Runners","og_description":"Jahrgang: 1994Beruf: Assistenzarzt Orthop\u00e4die und Unfallchirurgie Wieso X-Runner? Der Name verr\u00e4t es, die Leidenschaft zu Sport, Wettstreit, Gemeinschaft und Bier liegt wohl in der Familie, sodass ich stolz mit zu den Gr\u00fcndungsmitgliedern z\u00e4hle. Wieso Triathlon? Begeisterung f\u00fcr Sport gab es schon immer. Ob Leichtathletik, Basketball, Mountainbike, Rettungsschwimmen, Tanzen, Rugby und vieles mehr&#8230; W\u00e4hrend des Studiums Read More ...","og_url":"https:\/\/x-runners.de\/?page_id=2501","og_site_name":"X-Runners","article_modified_time":"2020-05-02T23:19:32+00:00","og_image":[{"url":"http:\/\/x-runners.de\/wp-content\/uploads\/2020\/05\/Unbenannt-21-e1588461413237.jpg","type":"","width":"","height":""}],"twitter_card":"summary_large_image","twitter_misc":{"Gesch\u00e4tzte Lesezeit":"1\u00a0Minute"},"schema":{"@context":"https:\/\/schema.org","@graph":[{"@type":"WebPage","@id":"https:\/\/x-runners.de\/?page_id=2501","url":"https:\/\/x-runners.de\/?page_id=2501","name":"Hagen Voigt - X-Runners","isPartOf":{"@id":"https:\/\/x-runners.de\/#website"},"primaryImageOfPage":{"@id":"https:\/\/x-runners.de\/?page_id=2501#primaryimage"},"image":{"@id":"https:\/\/x-runners.de\/?page_id=2501#primaryimage"},"thumbnailUrl":"http:\/\/x-runners.de\/wp-content\/uploads\/2020\/05\/Unbenannt-21-e1588461413237.jpg","datePublished":"2020-05-02T21:55:15+00:00","dateModified":"2020-05-02T23:19:32+00:00","breadcrumb":{"@id":"https:\/\/x-runners.de\/?page_id=2501#breadcrumb"},"inLanguage":"de","potentialAction":[{"@type":"ReadAction","target":["https:\/\/x-runners.de\/?page_id=2501"]}]},{"@type":"ImageObject","inLanguage":"de","@id":"https:\/\/x-runners.de\/?page_id=2501#primaryimage","url":"https:\/\/x-runners.de\/wp-content\/uploads\/2020\/05\/Unbenannt-21-e1588461413237.jpg","contentUrl":"https:\/\/x-runners.de\/wp-content\/uploads\/2020\/05\/Unbenannt-21-e1588461413237.jpg","width":568,"height":754},{"@type":"BreadcrumbList","@id":"https:\/\/x-runners.de\/?page_id=2501#breadcrumb","itemListElement":[{"@type":"ListItem","position":1,"name":"Startseite","item":"https:\/\/x-runners.de\/"},{"@type":"ListItem","position":2,"name":"Hagen Voigt"}]},{"@type":"WebSite","@id":"https:\/\/x-runners.de\/#website","url":"https:\/\/x-runners.de\/","name":"X-Runners","description":"Das Staffelteam aus Jena","publisher":{"@id":"https:\/\/x-runners.de\/#organization"},"potentialAction":[{"@type":"SearchAction","target":{"@type":"EntryPoint","urlTemplate":"https:\/\/x-runners.de\/?s={search_term_string}"},"query-input":{"@type":"PropertyValueSpecification","valueRequired":true,"valueName":"search_term_string"}}],"inLanguage":"de"},{"@type":"Organization","@id":"https:\/\/x-runners.de\/#organization","name":"X-Runners","url":"https:\/\/x-runners.de\/","logo":{"@type":"ImageObject","inLanguage":"de","@id":"https:\/\/x-runners.de\/#\/schema\/logo\/image\/","url":"https:\/\/x-runners.de\/wp-content\/uploads\/2015\/04\/XRLOGOHP2.png","contentUrl":"https:\/\/x-runners.de\/wp-content\/uploads\/2015\/04\/XRLOGOHP2.png","width":198,"height":55,"caption":"X-Runners"},"image":{"@id":"https:\/\/x-runners.de\/#\/schema\/logo\/image\/"}}]}},"_links":{"self":[{"href":"https:\/\/x-runners.de\/index.php?rest_route=\/wp\/v2\/pages\/2501","targetHints":{"allow":["GET"]}}],"collection":[{"href":"https:\/\/x-runners.de\/index.php?rest_route=\/wp\/v2\/pages"}],"about":[{"href":"https:\/\/x-runners.de\/index.php?rest_route=\/wp\/v2\/types\/page"}],"author":[{"embeddable":true,"href":"https:\/\/x-runners.de\/index.php?rest_route=\/wp\/v2\/users\/1"}],"replies":[{"embeddable":true,"href":"https:\/\/x-runners.de\/index.php?rest_route=%2Fwp%2Fv2%2Fcomments&post=2501"}],"version-history":[{"count":10,"href":"https:\/\/x-runners.de\/index.php?rest_route=\/wp\/v2\/pages\/2501\/revisions"}],"predecessor-version":[{"id":2584,"href":"https:\/\/x-runners.de\/index.php?rest_route=\/wp\/v2\/pages\/2501\/revisions\/2584"}],"wp:attachment":[{"href":"https:\/\/x-runners.de\/index.php?rest_route=%2Fwp%2Fv2%2Fmedia&parent=2501"}],"curies":[{"name":"wp","href":"https:\/\/api.w.org\/{rel}","templated":true}]}}