{"id":2508,"date":"2020-05-03T00:05:29","date_gmt":"2020-05-02T22:05:29","guid":{"rendered":"http:\/\/x-runners.de\/?page_id=2508"},"modified":"2021-02-05T16:48:13","modified_gmt":"2021-02-05T14:48:13","slug":"antonia-erpel","status":"publish","type":"page","link":"https:\/\/x-runners.de\/?page_id=2508","title":{"rendered":"Antonia Erpel"},"content":{"rendered":"\n<div class=\"wp-block-columns is-layout-flex wp-container-core-columns-is-layout-9d6595d7 wp-block-columns-is-layout-flex\">\n<div class=\"wp-block-column is-layout-flow wp-block-column-is-layout-flow\">\n<p><strong>Jahrgang:<\/strong> 1995<br><strong>Beruf:<\/strong> Studentin<br><strong>Kontakt: <\/strong>toni-erpel@web.de<\/p>\n\n\n\n<p><strong>Wieso X-Runner?<\/strong><\/p>\n\n\n\n<p>Durch den Uni Lauftreff in Halle habe ich Hagen kennengelernt und der erz\u00e4hlte mir was von einem Staffellaufverein der auch bei der \u00dcberquerung des Rennsteiges mitmacht. Da wurde ich neugierig und fand sehr schnell gefallen an den spannenden Staffell\u00e4ufen, der ausgezeichneten Organisation und der tollen Laufgemeinschaft der X-Runners.<\/p>\n<\/div>\n\n\n\n<div class=\"wp-block-column is-layout-flow wp-block-column-is-layout-flow\">\n<figure class=\"wp-block-image size-large\"><img loading=\"lazy\" decoding=\"async\" width=\"1024\" height=\"683\" src=\"https:\/\/x-runners.de\/wp-content\/uploads\/2021\/02\/255-DSC03535-w2photo-1024x683.jpg\" alt=\"\" class=\"wp-image-2755\" srcset=\"https:\/\/x-runners.de\/wp-content\/uploads\/2021\/02\/255-DSC03535-w2photo-1024x683.jpg 1024w, https:\/\/x-runners.de\/wp-content\/uploads\/2021\/02\/255-DSC03535-w2photo-300x200.jpg 300w, https:\/\/x-runners.de\/wp-content\/uploads\/2021\/02\/255-DSC03535-w2photo-768x512.jpg 768w, https:\/\/x-runners.de\/wp-content\/uploads\/2021\/02\/255-DSC03535-w2photo-1536x1024.jpg 1536w, https:\/\/x-runners.de\/wp-content\/uploads\/2021\/02\/255-DSC03535-w2photo-250x167.jpg 250w, https:\/\/x-runners.de\/wp-content\/uploads\/2021\/02\/255-DSC03535-w2photo.jpg 1920w\" sizes=\"auto, (max-width: 1024px) 100vw, 1024px\" \/><\/figure>\n<\/div>\n<\/div>\n\n\n\n<p><strong>Wieso Triathlon?<\/strong><\/p>\n\n\n\n<p>Ich komme aus einer sehr sportbegeisterten Familie, wahrscheinlich deshalb lief bei uns regelm\u00e4\u00dfig Mitte Oktober, an einem Sonntag Morgen die Triathlon WM auf Hawaii im Fernsehen. Ich war jedes Mal super begeistert und dachte \u201eSowas will ich auch mal machen\u201c. Bis zum ersten Triathlon dauerte es dann noch etwas. Zun\u00e4chst bestimmte der Handball mein sportliches Leben, auch wenn der ein oder andere Dauerlauf nicht fehlen durfte. Mit Beginn des Studiums verfolgte ich den Laufsport etwas ernsthafter, \u00fcbernahm dann auch die Laufgruppe des Unisports und stattete der Schwimmhalle h\u00e4ufiger einen Besuch ab. Da war die Anmeldung zum ersten Triathlon Wettkampf der n\u00e4chste logische Schritt und eine neue Leidenschaft damit geboren.<\/p>\n","protected":false},"excerpt":{"rendered":"<p>Jahrgang: 1995Beruf: StudentinKontakt: toni-erpel@web.de Wieso X-Runner? Durch den Uni Lauftreff in Halle habe ich Hagen kennengelernt und der erz\u00e4hlte mir was von einem Staffellaufverein der auch bei der \u00dcberquerung des Rennsteiges mitmacht. Da wurde ich neugierig und fand sehr schnell gefallen an den spannenden Staffell\u00e4ufen, der ausgezeichneten Organisation und der tollen Laufgemeinschaft der X-Runners. Wieso <a class=\"more-link\" href=\"https:\/\/x-runners.de\/?page_id=2508\">Read More &#8230;<\/a><\/p>\n","protected":false},"author":1,"featured_media":0,"parent":0,"menu_order":0,"comment_status":"closed","ping_status":"closed","template":"","meta":{"footnotes":""},"class_list":["post-2508","page","type-page","status-publish","hentry"],"yoast_head":"<!-- This site is optimized with the Yoast SEO plugin v27.4 - https:\/\/yoast.com\/product\/yoast-seo-wordpress\/ -->\n<title>Antonia Erpel - X-Runners<\/title>\n<meta name=\"robots\" content=\"index, follow, max-snippet:-1, max-image-preview:large, max-video-preview:-1\" \/>\n<link rel=\"canonical\" href=\"https:\/\/x-runners.de\/?page_id=2508\" \/>\n<meta property=\"og:locale\" content=\"de_DE\" \/>\n<meta property=\"og:type\" content=\"article\" \/>\n<meta property=\"og:title\" content=\"Antonia Erpel - X-Runners\" \/>\n<meta property=\"og:description\" content=\"Jahrgang: 1995Beruf: StudentinKontakt: toni-erpel@web.de Wieso X-Runner? Durch den Uni Lauftreff in Halle habe ich Hagen kennengelernt und der erz\u00e4hlte mir was von einem Staffellaufverein der auch bei der \u00dcberquerung des Rennsteiges mitmacht. Da wurde ich neugierig und fand sehr schnell gefallen an den spannenden Staffell\u00e4ufen, der ausgezeichneten Organisation und der tollen Laufgemeinschaft der X-Runners. Wieso Read More ...\" \/>\n<meta property=\"og:url\" content=\"https:\/\/x-runners.de\/?page_id=2508\" \/>\n<meta property=\"og:site_name\" content=\"X-Runners\" \/>\n<meta property=\"article:modified_time\" content=\"2021-02-05T14:48:13+00:00\" \/>\n<meta property=\"og:image\" content=\"http:\/\/x-runners.de\/wp-content\/uploads\/2021\/02\/255-DSC03535-w2photo-1024x683.jpg\" \/>\n<meta name=\"twitter:card\" content=\"summary_large_image\" \/>\n<meta name=\"twitter:label1\" content=\"Gesch\u00e4tzte Lesezeit\" \/>\n\t<meta name=\"twitter:data1\" content=\"1\u00a0Minute\" \/>\n<script type=\"application\/ld+json\" class=\"yoast-schema-graph\">{\"@context\":\"https:\\\/\\\/schema.org\",\"@graph\":[{\"@type\":\"WebPage\",\"@id\":\"https:\\\/\\\/x-runners.de\\\/?page_id=2508\",\"url\":\"https:\\\/\\\/x-runners.de\\\/?page_id=2508\",\"name\":\"Antonia Erpel - X-Runners\",\"isPartOf\":{\"@id\":\"https:\\\/\\\/x-runners.de\\\/#website\"},\"primaryImageOfPage\":{\"@id\":\"https:\\\/\\\/x-runners.de\\\/?page_id=2508#primaryimage\"},\"image\":{\"@id\":\"https:\\\/\\\/x-runners.de\\\/?page_id=2508#primaryimage\"},\"thumbnailUrl\":\"http:\\\/\\\/x-runners.de\\\/wp-content\\\/uploads\\\/2021\\\/02\\\/255-DSC03535-w2photo-1024x683.jpg\",\"datePublished\":\"2020-05-02T22:05:29+00:00\",\"dateModified\":\"2021-02-05T14:48:13+00:00\",\"breadcrumb\":{\"@id\":\"https:\\\/\\\/x-runners.de\\\/?page_id=2508#breadcrumb\"},\"inLanguage\":\"de\",\"potentialAction\":[{\"@type\":\"ReadAction\",\"target\":[\"https:\\\/\\\/x-runners.de\\\/?page_id=2508\"]}]},{\"@type\":\"ImageObject\",\"inLanguage\":\"de\",\"@id\":\"https:\\\/\\\/x-runners.de\\\/?page_id=2508#primaryimage\",\"url\":\"http:\\\/\\\/x-runners.de\\\/wp-content\\\/uploads\\\/2021\\\/02\\\/255-DSC03535-w2photo-1024x683.jpg\",\"contentUrl\":\"http:\\\/\\\/x-runners.de\\\/wp-content\\\/uploads\\\/2021\\\/02\\\/255-DSC03535-w2photo-1024x683.jpg\"},{\"@type\":\"BreadcrumbList\",\"@id\":\"https:\\\/\\\/x-runners.de\\\/?page_id=2508#breadcrumb\",\"itemListElement\":[{\"@type\":\"ListItem\",\"position\":1,\"name\":\"Startseite\",\"item\":\"https:\\\/\\\/x-runners.de\\\/\"},{\"@type\":\"ListItem\",\"position\":2,\"name\":\"Antonia Erpel\"}]},{\"@type\":\"WebSite\",\"@id\":\"https:\\\/\\\/x-runners.de\\\/#website\",\"url\":\"https:\\\/\\\/x-runners.de\\\/\",\"name\":\"X-Runners\",\"description\":\"Das Staffelteam aus Jena\",\"publisher\":{\"@id\":\"https:\\\/\\\/x-runners.de\\\/#organization\"},\"potentialAction\":[{\"@type\":\"SearchAction\",\"target\":{\"@type\":\"EntryPoint\",\"urlTemplate\":\"https:\\\/\\\/x-runners.de\\\/?s={search_term_string}\"},\"query-input\":{\"@type\":\"PropertyValueSpecification\",\"valueRequired\":true,\"valueName\":\"search_term_string\"}}],\"inLanguage\":\"de\"},{\"@type\":\"Organization\",\"@id\":\"https:\\\/\\\/x-runners.de\\\/#organization\",\"name\":\"X-Runners\",\"url\":\"https:\\\/\\\/x-runners.de\\\/\",\"logo\":{\"@type\":\"ImageObject\",\"inLanguage\":\"de\",\"@id\":\"https:\\\/\\\/x-runners.de\\\/#\\\/schema\\\/logo\\\/image\\\/\",\"url\":\"https:\\\/\\\/x-runners.de\\\/wp-content\\\/uploads\\\/2015\\\/04\\\/XRLOGOHP2.png\",\"contentUrl\":\"https:\\\/\\\/x-runners.de\\\/wp-content\\\/uploads\\\/2015\\\/04\\\/XRLOGOHP2.png\",\"width\":198,\"height\":55,\"caption\":\"X-Runners\"},\"image\":{\"@id\":\"https:\\\/\\\/x-runners.de\\\/#\\\/schema\\\/logo\\\/image\\\/\"}}]}<\/script>\n<!-- \/ Yoast SEO plugin. -->","yoast_head_json":{"title":"Antonia Erpel - X-Runners","robots":{"index":"index","follow":"follow","max-snippet":"max-snippet:-1","max-image-preview":"max-image-preview:large","max-video-preview":"max-video-preview:-1"},"canonical":"https:\/\/x-runners.de\/?page_id=2508","og_locale":"de_DE","og_type":"article","og_title":"Antonia Erpel - X-Runners","og_description":"Jahrgang: 1995Beruf: StudentinKontakt: toni-erpel@web.de Wieso X-Runner? Durch den Uni Lauftreff in Halle habe ich Hagen kennengelernt und der erz\u00e4hlte mir was von einem Staffellaufverein der auch bei der \u00dcberquerung des Rennsteiges mitmacht. Da wurde ich neugierig und fand sehr schnell gefallen an den spannenden Staffell\u00e4ufen, der ausgezeichneten Organisation und der tollen Laufgemeinschaft der X-Runners. Wieso Read More ...","og_url":"https:\/\/x-runners.de\/?page_id=2508","og_site_name":"X-Runners","article_modified_time":"2021-02-05T14:48:13+00:00","og_image":[{"url":"http:\/\/x-runners.de\/wp-content\/uploads\/2021\/02\/255-DSC03535-w2photo-1024x683.jpg","type":"","width":"","height":""}],"twitter_card":"summary_large_image","twitter_misc":{"Gesch\u00e4tzte Lesezeit":"1\u00a0Minute"},"schema":{"@context":"https:\/\/schema.org","@graph":[{"@type":"WebPage","@id":"https:\/\/x-runners.de\/?page_id=2508","url":"https:\/\/x-runners.de\/?page_id=2508","name":"Antonia Erpel - X-Runners","isPartOf":{"@id":"https:\/\/x-runners.de\/#website"},"primaryImageOfPage":{"@id":"https:\/\/x-runners.de\/?page_id=2508#primaryimage"},"image":{"@id":"https:\/\/x-runners.de\/?page_id=2508#primaryimage"},"thumbnailUrl":"http:\/\/x-runners.de\/wp-content\/uploads\/2021\/02\/255-DSC03535-w2photo-1024x683.jpg","datePublished":"2020-05-02T22:05:29+00:00","dateModified":"2021-02-05T14:48:13+00:00","breadcrumb":{"@id":"https:\/\/x-runners.de\/?page_id=2508#breadcrumb"},"inLanguage":"de","potentialAction":[{"@type":"ReadAction","target":["https:\/\/x-runners.de\/?page_id=2508"]}]},{"@type":"ImageObject","inLanguage":"de","@id":"https:\/\/x-runners.de\/?page_id=2508#primaryimage","url":"http:\/\/x-runners.de\/wp-content\/uploads\/2021\/02\/255-DSC03535-w2photo-1024x683.jpg","contentUrl":"http:\/\/x-runners.de\/wp-content\/uploads\/2021\/02\/255-DSC03535-w2photo-1024x683.jpg"},{"@type":"BreadcrumbList","@id":"https:\/\/x-runners.de\/?page_id=2508#breadcrumb","itemListElement":[{"@type":"ListItem","position":1,"name":"Startseite","item":"https:\/\/x-runners.de\/"},{"@type":"ListItem","position":2,"name":"Antonia Erpel"}]},{"@type":"WebSite","@id":"https:\/\/x-runners.de\/#website","url":"https:\/\/x-runners.de\/","name":"X-Runners","description":"Das Staffelteam aus Jena","publisher":{"@id":"https:\/\/x-runners.de\/#organization"},"potentialAction":[{"@type":"SearchAction","target":{"@type":"EntryPoint","urlTemplate":"https:\/\/x-runners.de\/?s={search_term_string}"},"query-input":{"@type":"PropertyValueSpecification","valueRequired":true,"valueName":"search_term_string"}}],"inLanguage":"de"},{"@type":"Organization","@id":"https:\/\/x-runners.de\/#organization","name":"X-Runners","url":"https:\/\/x-runners.de\/","logo":{"@type":"ImageObject","inLanguage":"de","@id":"https:\/\/x-runners.de\/#\/schema\/logo\/image\/","url":"https:\/\/x-runners.de\/wp-content\/uploads\/2015\/04\/XRLOGOHP2.png","contentUrl":"https:\/\/x-runners.de\/wp-content\/uploads\/2015\/04\/XRLOGOHP2.png","width":198,"height":55,"caption":"X-Runners"},"image":{"@id":"https:\/\/x-runners.de\/#\/schema\/logo\/image\/"}}]}},"_links":{"self":[{"href":"https:\/\/x-runners.de\/index.php?rest_route=\/wp\/v2\/pages\/2508","targetHints":{"allow":["GET"]}}],"collection":[{"href":"https:\/\/x-runners.de\/index.php?rest_route=\/wp\/v2\/pages"}],"about":[{"href":"https:\/\/x-runners.de\/index.php?rest_route=\/wp\/v2\/types\/page"}],"author":[{"embeddable":true,"href":"https:\/\/x-runners.de\/index.php?rest_route=\/wp\/v2\/users\/1"}],"replies":[{"embeddable":true,"href":"https:\/\/x-runners.de\/index.php?rest_route=%2Fwp%2Fv2%2Fcomments&post=2508"}],"version-history":[{"count":13,"href":"https:\/\/x-runners.de\/index.php?rest_route=\/wp\/v2\/pages\/2508\/revisions"}],"predecessor-version":[{"id":2756,"href":"https:\/\/x-runners.de\/index.php?rest_route=\/wp\/v2\/pages\/2508\/revisions\/2756"}],"wp:attachment":[{"href":"https:\/\/x-runners.de\/index.php?rest_route=%2Fwp%2Fv2%2Fmedia&parent=2508"}],"curies":[{"name":"wp","href":"https:\/\/api.w.org\/{rel}","templated":true}]}}