{"id":7,"date":"2015-04-03T19:48:18","date_gmt":"2015-04-03T17:48:18","guid":{"rendered":"http:\/\/x-runners.de\/?page_id=7"},"modified":"2025-07-03T17:49:14","modified_gmt":"2025-07-03T15:49:14","slug":"home","status":"publish","type":"page","link":"https:\/\/x-runners.de\/","title":{"rendered":"Home"},"content":{"rendered":"<p style=\"text-align: left;\">Herzlich Willkommen auf der Website der X-Runners Jena. Hier findet Ihr alle wichtigen Informationen \u00fcber unser Team. Wir bestreiten gemeinsam Staffell\u00e4ufe, Triathlons und Extremhindernisl\u00e4ufe und greifen immer vorne an. \u00dcber sportbegeisterte Neuzug\u00e4nge freuen wir uns jederzeit!<\/p>\n<p style=\"text-align: left;\"><span style=\"color: #21759b;\"><a style=\"color: #21759b;\" title=\"Kontakt\" href=\"http:\/\/x-runners.de\/?page_id=15\">Kontaktiert uns<\/a><\/span> einfach\u00a0oder nehmt an einem der gemeinsamen Trainings teil und lernt\u00a0uns kennen.\u00a0Ihr k\u00f6nnt schon beim n\u00e4chsten\u00a0Event Teil unseres Vereins sein.<\/p>\n\t\r\n\t\t\r\n\t<div id=\"meteor-slideshow2025\" class=\"meteor-slides 2025 navprevnext { next: '#meteor-next2025', prev: '#meteor-prev2025', pager: '#meteor-buttons2025' }\">\r\n\t\r\n\t\t\t\r\n\t\t\t\r\n\t\t\t<ul class=\"meteor-nav\">\r\n\t\t\r\n\t\t\t\t<li id=\"meteor-prev2025\" class=\"prev\"><a href=\"#prev\">Previous<\/a><\/li>\r\n\t\t\t\r\n\t\t\t\t<li id=\"meteor-next2025\" class=\"next\"><a href=\"#next\">Next<\/a><\/li>\r\n\t\t\t\r\n\t\t\t<\/ul><!-- .meteor-nav -->\r\n\t\t\r\n\t\t\t\t\r\n\t\t\t\r\n\t\t<div class=\"meteor-clip\">\r\n\t\r\n\t\t\t\t\r\n\t\t\t<img decoding=\"async\" style=\"visibility: hidden;\" class=\"meteor-shim\" src=\"https:\/\/x-runners.de\/wp-content\/uploads\/2025\/07\/365a4826_1-800x600.jpg\" alt=\"\" \/>\r\n\t\t\t<div class=\"mslide mslide-1\">\r\n\t\t\t\t\r\n\t\t\t\t\t\t\t\t\t\r\n\t\t\t\t\t<img loading=\"lazy\" decoding=\"async\" width=\"800\" height=\"600\" src=\"https:\/\/x-runners.de\/wp-content\/uploads\/2025\/07\/365a4826_1-800x600.jpg\" class=\"attachment-featured-slide size-featured-slide wp-post-image\" alt=\"\" title=\"\" \/>\t\t\t\t\t\r\n\t\t\t\t\t\t\t\r\n\t\t\t<\/div><!-- .mslide -->\r\n\t\t\t\r\n\t\t\t\t\t\t\r\n\t\t\t\t\r\n\t\t\t\r\n\t\t\t<div class=\"mslide mslide-2\">\r\n\t\t\t\t\r\n\t\t\t\t\t\t\t\t\t\r\n\t\t\t\t\t<img loading=\"lazy\" decoding=\"async\" width=\"800\" height=\"600\" src=\"https:\/\/x-runners.de\/wp-content\/uploads\/2025\/07\/365A4666-800x600.jpg\" class=\"attachment-featured-slide size-featured-slide wp-post-image\" alt=\"\" title=\"\" \/>\t\t\t\t\t\r\n\t\t\t\t\t\t\t\r\n\t\t\t<\/div><!-- .mslide -->\r\n\t\t\t\r\n\t\t\t\t\t\t\r\n\t\t\t\t\r\n\t\t\t\r\n\t\t\t<div class=\"mslide mslide-3\">\r\n\t\t\t\t\r\n\t\t\t\t\t\t\t\t\t\r\n\t\t\t\t\t<img loading=\"lazy\" decoding=\"async\" width=\"800\" height=\"600\" src=\"https:\/\/x-runners.de\/wp-content\/uploads\/2025\/07\/365A4840-800x600.jpg\" class=\"attachment-featured-slide size-featured-slide wp-post-image\" alt=\"\" title=\"\" \/>\t\t\t\t\t\r\n\t\t\t\t\t\t\t\r\n\t\t\t<\/div><!-- .mslide -->\r\n\t\t\t\r\n\t\t\t\t\t\t\r\n\t\t\t\t\r\n\t\t<\/div><!-- .meteor-clip -->\r\n\t\t\t\t\r\n\t\t\t\t\t\r\n\t<\/div><!-- .meteor-slides -->\r\n\t\r\n\t\n","protected":false},"excerpt":{"rendered":"<p>Herzlich Willkommen auf der Website der X-Runners Jena. Hier findet Ihr alle wichtigen Informationen \u00fcber unser Team. Wir bestreiten gemeinsam Staffell\u00e4ufe, Triathlons und Extremhindernisl\u00e4ufe und greifen immer vorne an. \u00dcber sportbegeisterte Neuzug\u00e4nge freuen wir uns jederzeit! Kontaktiert uns einfach\u00a0oder nehmt an einem der gemeinsamen Trainings teil und lernt\u00a0uns kennen.\u00a0Ihr k\u00f6nnt schon beim n\u00e4chsten\u00a0Event Teil unseres <a class=\"more-link\" href=\"https:\/\/x-runners.de\/\">Read More &#8230;<\/a><\/p>\n","protected":false},"author":1,"featured_media":0,"parent":0,"menu_order":1,"comment_status":"closed","ping_status":"open","template":"","meta":{"footnotes":""},"class_list":["post-7","page","type-page","status-publish","hentry"],"yoast_head":"<!-- This site is optimized with the Yoast SEO plugin v23.3 - https:\/\/yoast.com\/wordpress\/plugins\/seo\/ -->\n<title>Home - X-Runners<\/title>\n<meta name=\"robots\" content=\"index, follow, max-snippet:-1, max-image-preview:large, max-video-preview:-1\" \/>\n<link rel=\"canonical\" href=\"https:\/\/x-runners.de\/\" \/>\n<meta property=\"og:locale\" content=\"de_DE\" \/>\n<meta property=\"og:type\" content=\"article\" \/>\n<meta property=\"og:title\" content=\"Home - X-Runners\" \/>\n<meta property=\"og:description\" content=\"Herzlich Willkommen auf der Website der X-Runners Jena. Hier findet Ihr alle wichtigen Informationen \u00fcber unser Team. Wir bestreiten gemeinsam Staffell\u00e4ufe, Triathlons und Extremhindernisl\u00e4ufe und greifen immer vorne an. \u00dcber sportbegeisterte Neuzug\u00e4nge freuen wir uns jederzeit! Kontaktiert uns einfach\u00a0oder nehmt an einem der gemeinsamen Trainings teil und lernt\u00a0uns kennen.\u00a0Ihr k\u00f6nnt schon beim n\u00e4chsten\u00a0Event Teil unseres Read More ...\" \/>\n<meta property=\"og:url\" content=\"https:\/\/x-runners.de\/\" \/>\n<meta property=\"og:site_name\" content=\"X-Runners\" \/>\n<meta property=\"article:modified_time\" content=\"2025-07-03T15:49:14+00:00\" \/>\n<meta name=\"twitter:card\" content=\"summary_large_image\" \/>\n<meta name=\"twitter:label1\" content=\"Gesch\u00e4tzte Lesezeit\" \/>\n\t<meta name=\"twitter:data1\" content=\"1\u00a0Minute\" \/>\n<script type=\"application\/ld+json\" class=\"yoast-schema-graph\">{\"@context\":\"https:\/\/schema.org\",\"@graph\":[{\"@type\":\"WebPage\",\"@id\":\"https:\/\/x-runners.de\/\",\"url\":\"https:\/\/x-runners.de\/\",\"name\":\"Home - X-Runners\",\"isPartOf\":{\"@id\":\"https:\/\/x-runners.de\/#website\"},\"datePublished\":\"2015-04-03T17:48:18+00:00\",\"dateModified\":\"2025-07-03T15:49:14+00:00\",\"breadcrumb\":{\"@id\":\"https:\/\/x-runners.de\/#breadcrumb\"},\"inLanguage\":\"de\",\"potentialAction\":[{\"@type\":\"ReadAction\",\"target\":[\"https:\/\/x-runners.de\/\"]}]},{\"@type\":\"BreadcrumbList\",\"@id\":\"https:\/\/x-runners.de\/#breadcrumb\",\"itemListElement\":[{\"@type\":\"ListItem\",\"position\":1,\"name\":\"Startseite\",\"item\":\"https:\/\/x-runners.de\/\"},{\"@type\":\"ListItem\",\"position\":2,\"name\":\"Home\"}]},{\"@type\":\"WebSite\",\"@id\":\"https:\/\/x-runners.de\/#website\",\"url\":\"https:\/\/x-runners.de\/\",\"name\":\"X-Runners\",\"description\":\"Das Staffelteam aus Jena\",\"publisher\":{\"@id\":\"https:\/\/x-runners.de\/#organization\"},\"potentialAction\":[{\"@type\":\"SearchAction\",\"target\":{\"@type\":\"EntryPoint\",\"urlTemplate\":\"https:\/\/x-runners.de\/?s={search_term_string}\"},\"query-input\":\"required name=search_term_string\"}],\"inLanguage\":\"de\"},{\"@type\":\"Organization\",\"@id\":\"https:\/\/x-runners.de\/#organization\",\"name\":\"X-Runners\",\"url\":\"https:\/\/x-runners.de\/\",\"logo\":{\"@type\":\"ImageObject\",\"inLanguage\":\"de\",\"@id\":\"https:\/\/x-runners.de\/#\/schema\/logo\/image\/\",\"url\":\"https:\/\/x-runners.de\/wp-content\/uploads\/2015\/04\/XRLOGOHP2.png\",\"contentUrl\":\"https:\/\/x-runners.de\/wp-content\/uploads\/2015\/04\/XRLOGOHP2.png\",\"width\":198,\"height\":55,\"caption\":\"X-Runners\"},\"image\":{\"@id\":\"https:\/\/x-runners.de\/#\/schema\/logo\/image\/\"}}]}<\/script>\n<!-- \/ Yoast SEO plugin. -->","yoast_head_json":{"title":"Home - X-Runners","robots":{"index":"index","follow":"follow","max-snippet":"max-snippet:-1","max-image-preview":"max-image-preview:large","max-video-preview":"max-video-preview:-1"},"canonical":"https:\/\/x-runners.de\/","og_locale":"de_DE","og_type":"article","og_title":"Home - X-Runners","og_description":"Herzlich Willkommen auf der Website der X-Runners Jena. Hier findet Ihr alle wichtigen Informationen \u00fcber unser Team. Wir bestreiten gemeinsam Staffell\u00e4ufe, Triathlons und Extremhindernisl\u00e4ufe und greifen immer vorne an. \u00dcber sportbegeisterte Neuzug\u00e4nge freuen wir uns jederzeit! Kontaktiert uns einfach\u00a0oder nehmt an einem der gemeinsamen Trainings teil und lernt\u00a0uns kennen.\u00a0Ihr k\u00f6nnt schon beim n\u00e4chsten\u00a0Event Teil unseres Read More ...","og_url":"https:\/\/x-runners.de\/","og_site_name":"X-Runners","article_modified_time":"2025-07-03T15:49:14+00:00","twitter_card":"summary_large_image","twitter_misc":{"Gesch\u00e4tzte Lesezeit":"1\u00a0Minute"},"schema":{"@context":"https:\/\/schema.org","@graph":[{"@type":"WebPage","@id":"https:\/\/x-runners.de\/","url":"https:\/\/x-runners.de\/","name":"Home - X-Runners","isPartOf":{"@id":"https:\/\/x-runners.de\/#website"},"datePublished":"2015-04-03T17:48:18+00:00","dateModified":"2025-07-03T15:49:14+00:00","breadcrumb":{"@id":"https:\/\/x-runners.de\/#breadcrumb"},"inLanguage":"de","potentialAction":[{"@type":"ReadAction","target":["https:\/\/x-runners.de\/"]}]},{"@type":"BreadcrumbList","@id":"https:\/\/x-runners.de\/#breadcrumb","itemListElement":[{"@type":"ListItem","position":1,"name":"Startseite","item":"https:\/\/x-runners.de\/"},{"@type":"ListItem","position":2,"name":"Home"}]},{"@type":"WebSite","@id":"https:\/\/x-runners.de\/#website","url":"https:\/\/x-runners.de\/","name":"X-Runners","description":"Das Staffelteam aus Jena","publisher":{"@id":"https:\/\/x-runners.de\/#organization"},"potentialAction":[{"@type":"SearchAction","target":{"@type":"EntryPoint","urlTemplate":"https:\/\/x-runners.de\/?s={search_term_string}"},"query-input":"required name=search_term_string"}],"inLanguage":"de"},{"@type":"Organization","@id":"https:\/\/x-runners.de\/#organization","name":"X-Runners","url":"https:\/\/x-runners.de\/","logo":{"@type":"ImageObject","inLanguage":"de","@id":"https:\/\/x-runners.de\/#\/schema\/logo\/image\/","url":"https:\/\/x-runners.de\/wp-content\/uploads\/2015\/04\/XRLOGOHP2.png","contentUrl":"https:\/\/x-runners.de\/wp-content\/uploads\/2015\/04\/XRLOGOHP2.png","width":198,"height":55,"caption":"X-Runners"},"image":{"@id":"https:\/\/x-runners.de\/#\/schema\/logo\/image\/"}}]}},"_links":{"self":[{"href":"https:\/\/x-runners.de\/index.php?rest_route=\/wp\/v2\/pages\/7","targetHints":{"allow":["GET"]}}],"collection":[{"href":"https:\/\/x-runners.de\/index.php?rest_route=\/wp\/v2\/pages"}],"about":[{"href":"https:\/\/x-runners.de\/index.php?rest_route=\/wp\/v2\/types\/page"}],"author":[{"embeddable":true,"href":"https:\/\/x-runners.de\/index.php?rest_route=\/wp\/v2\/users\/1"}],"replies":[{"embeddable":true,"href":"https:\/\/x-runners.de\/index.php?rest_route=%2Fwp%2Fv2%2Fcomments&post=7"}],"version-history":[{"count":100,"href":"https:\/\/x-runners.de\/index.php?rest_route=\/wp\/v2\/pages\/7\/revisions"}],"predecessor-version":[{"id":5588,"href":"https:\/\/x-runners.de\/index.php?rest_route=\/wp\/v2\/pages\/7\/revisions\/5588"}],"wp:attachment":[{"href":"https:\/\/x-runners.de\/index.php?rest_route=%2Fwp%2Fv2%2Fmedia&parent=7"}],"curies":[{"name":"wp","href":"https:\/\/api.w.org\/{rel}","templated":true}]}}